
6
Suppose -4*r + y = -3036, -22*y + 26*y + 3795 = 5*r. What is the highest common factor of r and 33?
33
Suppose -915 = -4*g - 11*g. Let x be (-2 - 10/(-4))/(g/1098). Calculate the greatest common factor of 333 and x.
9
Suppose 3*x = -x + 5*o + 260, -2*o = 5*x - 325. Suppose 5*c - 309 = 4*r, c = r + 3 + 58. What is the highest common divisor of c and x?
65
Suppose 0 = 8*l - 5*l - 3. Let f be (-231)/(-7) - (l + 0)*-3. What is the greatest common divisor of f and 12?
12
Let h be (2/(-3))/(4/(-310)) - 4/(-12). Calculate the highest common divisor of h and 1053.
13
Suppose 0 = -4*z + 60 - 24. Suppose -324 = -z*g + 3*g. Let k be (-12)/(-2)*g/4. What is the greatest common divisor of k and 54?
27
Let d(t) = 2*t**2 - 6*t + 7. Let s be d(15). Suppose -6*w + 77 = -s. What is the highest common divisor of w and 111?
37
Let x = -30 + 93. Suppose -3*t + x = -9. Let z = 13 + -7. Calculate the greatest common divisor of t and z.
6
Let u = -413 - -415. Suppose 3*k - 46 = -u*c - 14, 4*k = 4*c - 64. What is the greatest common divisor of 36 and c?
4
Let c be 52 - (6 - 168/(-14)). What is the greatest common factor of c and 1139?
17
Suppose -4*y + 6 = 3*o - 4, 12 = -4*o + y. Let d be o/(-7) + 5238/42. Let a = 374 + -324. Calculate the highest common factor of a and d.
25
Suppose -28*z + 35*z = -161. Let s = 0 - z. What is the highest common factor of s and 299?
23
Let b(c) = 150*c**2 - 10*c - 4. Let w(t) = 149*t**2 - 10*t - 6. Let u(m) = -2*b(m) + 3*w(m). Let y be u(-1). What is the highest common divisor of y and 539?
49
Let w = -92 - -85. Let q(u) = 3*u**2 + 4*u - 14. Let v be q(w). Let p = v + -1. What is the greatest common factor of p and 13?
13
Suppose 0 = 5*c + 4*v + 359, 2*v + 243 = -5*c - 114. Let n(f) = 3*f**2 + 5*f + 1. Let y be n(-6). Let a = c + y. What is the greatest common factor of a and 2?
2
Let q be ((-4)/(-12))/(3/108). Suppose 5*i = -a - q, -2*a + 4*a - 5*i - 21 = 0. What is the highest common factor of 48 and a?
3
Let m = 18 + -38. Let p be (-1 + -15)*15/m. Let b be ((-88)/(-55))/((-8)/(-540)). What is the greatest common factor of b and p?
12
Suppose 40*q + 111*q - 12684 = 0. Let k be ((-84)/5)/(2/(-15)). What is the highest common factor of q and k?
42
Let h(y) = -132*y**3 + 9*y**2 + 8*y + 4. Let v be h(-2). Calculate the greatest common divisor of 3000 and v.
120
Let s be 36861 + -3 + 1 + (-9 + 10)*2. Calculate the greatest common divisor of s and 33.
33
Suppose -13*v + 8*v + 3*k + 1962 = 0, 1969 = 5*v + 4*k. What is the highest common divisor of 6 and v?
3
Suppose -3*q + 218 = 2. Let f be 2/6 + q/108. What is the highest common factor of f and 1?
1
Let o(a) = -39*a + 2. Let u be o(-3). Suppose 0 = -250*z + 249*z + 3, 5*b + 7*z - 956 = 0. Calculate the greatest common factor of b and u.
17
Let h be (-1*(-2)/4)/(1/(-6)). Let g be h + 40/5 + 5. Suppose -105 = -5*k + 345. Calculate the greatest common divisor of k and g.
10
Suppose -68 = -5*d - 3. Let s be (21/9)/((-12)/(-360) - 0). Suppose s = -8*k + d*k. What is the greatest common divisor of k and 14?
14
Suppose 3*x = -2748*p + 2745*p - 15, 0 = -3*p - x + 3. Let l = 1330 - 926. Calculate the highest common factor of l and p.
4
Let x(j) be the second derivative of -j**3/6 - 8*j**2 + 23*j. Let h be x(11). Let g = -19 - h. Calculate the greatest common factor of 20 and g.
4
Let i = 35 + -30. Suppose g = -3*j + 6*j + 10, -3*j = -i*g + 38. Let s = 24 - 3. What is the highest common factor of s and g?
7
Let g be (-39795)/(-315) + (-1)/3 - 7. Let b = 101 - 33. Calculate the greatest common factor of g and b.
17
Let x(i) = -10*i - 405. Let z be x(-41). Let j = 728 + -433. Calculate the greatest common divisor of j and z.
5
Let v = -4693 + 5134. What is the greatest common factor of 4704 and v?
147
Let f be (-60)/(-9) + 1/3. Let j(c) = 2*c**3 - 2*c**2 + 2*c + 7. Let z = 83 + -80. Let v be j(z). Calculate the highest common factor of v and f.
7
Suppose -58 - 209 = -3*l. Let v(p) = -36*p - 287. Let x be v(-8). Suppose -6*b + x = -l. Calculate the highest common factor of 9 and b.
3
Let k(y) = -3 - y**2 + 0*y + 3 + 3 + 3*y. Let x be k(2). Suppose -v + x*j + 24 - 5 = 0, -4*v = 2*j - 10. Calculate the highest common divisor of 1 and v.
1
Suppose 3*h + 15 = 0, -4*v + h - 72 + 97 = 0. Suppose v*x - 82 = -3*t, 7*t - 6*t + 5*x - 24 = 0. Calculate the highest common divisor of 116 and t.
29
Let j(w) = 3*w**2 + 31*w + 16. Let t be j(0). Calculate the highest common divisor of t and 1784.
8
Suppose 3*y = -3*z + 3831, -686 = -y + 4*z + 561. Calculate the highest common factor of 164 and y.
41
Let n = -35 - -80. Let r(v) = -v**3 - 7*v**2 + 5. Let t be r(-7). Suppose -t*k + 27 = -2*k. Calculate the highest common divisor of k and n.
9
Let k be (3 - 1)*143/26. Suppose -13*m = -k*m - 12. Suppose -3*d - 22 = -112. Calculate the highest common divisor of m and d.
6
Let w be 1418/(3/(-42)*4*-7). Suppose -8*q + 3*q + w = 4*j, 3*j - 708 = -5*q. What is the greatest common factor of 47 and q?
47
Let u = -187 - -183. Let t(w) = w**3 + 8*w**2 - 4*w - 10. Let g be t(u). Calculate the greatest common divisor of 126 and g.
14
Let w = 241 + -169. Let o = w - 40. What is the highest common divisor of 16 and o?
16
Let j = 87 + -85. Let y be ((-26)/13)/(j/(-46)). Suppose -2*m = 2*i - 85 - 11, -y = -m + i. What is the greatest common factor of 94 and m?
47
Suppose -12*p + 175*p - 2115551 = 1489520. Calculate the greatest common divisor of 17 and p.
17
Let r(l) = -2*l**2 + 30*l - 42. Let k be r(12). Suppose 0 = -o + 3*a + 50, -o = 3*a - 2*a - k. What is the greatest common factor of o and 28?
7
Suppose 66*z + 80 + 244 = 72*z. What is the greatest common factor of 138 and z?
6
Suppose 0 = -124*a + 126*a - 66. What is the highest common divisor of a and 1562?
11
Let z be (-199)/(-2) - 108/(-216). Suppose 0 = -4*u + 5*l + 305, 4*u = -5*l + 312 + 23. What is the highest common factor of u and z?
20
Let y be ((-1)/2)/(-6 - 426/(-72)). Suppose 9*x - 6*x + 30 = 0. Let u be (-108)/(-1)*(3 - x/(-4)). Calculate the greatest common factor of u and y.
6
Suppose 551 - 4722 = -16*l + 149. Calculate the highest common divisor of 1710 and l.
90
Suppose -5692*w + 5696*w - 1593 = z, 4*z + 372 = w. Calculate the highest common divisor of w and 184.
8
Let v(f) = f + 76. Let a be v(22). Let h = a - 94. Suppose -72 = -h*t + 4. Calculate the greatest common factor of 76 and t.
19
Let h(g) = g**3 - 5*g**2 + 3. Let i be h(5). Suppose i*a - o - 632 = 0, -2*a + 443 = -11*o + 6*o. Calculate the greatest common factor of a and 19.
19
Let c = 4951 + 2809. Calculate the greatest common factor of 80 and c.
80
Suppose 33 = 5*l - 27. Suppose -13*m + 65 = -0. Let u be (m - (-96)/(-18))/(2/(-108)). What is the highest common divisor of l and u?
6
Let g = 18787 + -13907. What is the highest common divisor of g and 3355?
305
Suppose 5*i = -4*l + 25, -l = i + i - 7. Suppose -3*v + l = -2*v. Suppose 3*f - 27 = -v*k, 0 = -2*k + 4*k. Calculate the highest common divisor of f and 45.
9
Let h(x) = x**3 + x**2. Let j be h(2). Let y = -680 + 241. Let r = -391 - y. Calculate the highest common factor of r and j.
12
Suppose -55 = -3*h + 104. Suppose 7*y = 4*y + 2*u + h, y = 2*u + 15. Let f(a) = a**2 - 3*a + 57. Let p be f(0). What is the greatest common factor of y and p?
19
Let r be (-7650)/36*(24/5)/(114/(-76)). Suppose 0 = -2*x + 59 + 21. What is the greatest common divisor of x and r?
40
Let w = 397 - 359. What is the greatest common divisor of w and 4750?
38
Suppose 8*m - 11*m = -63. Suppose f = 5*j + 2*f, 3*f + 20 = 5*j. Calculate the greatest common factor of j and m.
1
Suppose 20 = 6*t + 20. Suppose 19*n - 5*n - 56 = t. Let i be ((8/(-6))/(-4))/(10/60). What is the highest common factor of n and i?
2
Let t = 8609 + -8607. What is the highest common factor of t and 1234?
2
Let r(w) = 2*w**3 - 9*w**2 - 2*w - 15. Let k be r(5). Suppose k = -g - 3*i + 142, 8*g + 2*i = 13*g - 642. Calculate the greatest common factor of 30 and g.
10
Let b(w) = -w**3 - 19*w**2 - 17*w + 26. Let i be b(-18). Suppose -i*s = -9*s + 51. Calculate the greatest common factor of 561 and s.
51
Let u = 363170 + -363166. Let i(f) = 187*f**2 + 2*f - 1. Let j be i(1). What is the greatest common factor of u and j?
4
Suppose 2*c - 4*p = 542, 7*c - 11*c + 1108 = -2*p. Let n(i) = -i**3 - 3*i**2 + 2*i